ns digit of 1544863051?
5
What is the ten thousands digit of 44950885?
5
What is the ten millions digit of 190454955?
9
What is the hundred thousands digit of 274525464?
5
What is the millions digit of 697314313?
7
What is the hundred millions digit of 707655631?
7
What is the hundreds digit of 804043675?
6
What is the tens digit of 231746611?
1
What is the millions digit of 322771897?
2
What is the hundreds digit of 44000927?
9
What is the tens digit of 447026899?
9
What is the thousands digit of 78201820?
1
What is the ten millions digit of 1797637085?
9
What is the hundred millions digit of 5004389857?
0
What is the ten thousands digit of 5356996116?
9
What is the units digit of 4035233184?
4
What is the hundred thousands digit of 3257903?
2
What is the tens digit of 1108741816?
1
What is the thousands digit of 86447?
6
What is the tens digit of 692307986?
8
What is the tens digit of 32895393?
9
What is the hundreds digit of 867379309?
3
What is the ten thousands digit of 32352484?
5
What is the tens digit of 2009997885?
8
What is the hundreds digit of 7025992295?
2
What is the tens digit of 27522974?
7
What is the hundreds digit of 508743702?
7
What is the tens digit of 1299033904?
0
What is the ten millions digit of 207568387?
0
What is the ten thousands digit of 8210482?
1
What is the millions digit of 28441966?
8
What is the ten millions digit of 48448394?
4
What is the hundred thousands digit of 298286787?
2
What is the units digit of 26103618?
8
What is the millions digit of 158829600?
8
What is the millions digit of 1203482448?
3
What is the hundred millions digit of 3568991853?
5
What is the hundreds digit of 890348781?
7
What is the ten millions digit of 62371284?
6
What is the hundreds digit of 917394188?
1
What is the units digit of 1010846856?
6
What is the ten thousands digit of 4962784738?
8
What is the millions digit of 45905987?
5
What is the hundred thousands digit of 122011904?
0
What is the thousands digit of 438609896?
9
What is the ten millions digit of 1904750581?
0
What is the ten millions digit of 215394449?
1
What is the thousands digit of 5039058486?
8
What is the tens digit of 22018997?
9
What is the units digit of 36309165?
5
What is the units digit of 91435566?
6
What is the ten thousands digit of 68205966?
0
What is the hundreds digit of 988301321?
3
What is the ten thousands digit of 140659011?
5
What is the units digit of 726589963?
3
What is the units digit of 66626632?
2
What is the tens digit of 490539261?
6
What is the hundreds digit of 3873381943?
9
What is the millions digit of 60303523?
0
What is the ten thousands digit of 22452052?
5
What is the hundreds digit of 551170096?
0
What is the thousands digit of 16942534?
2
What is the billions digit of 3088933923?
3
What is the millions digit of 82845874?
2
What is the hundred thousands digit of 293813342?
8
What is the tens digit of 43564807?
0
What is the ten thousands digit of 9448544?
4
What is the millions digit of 81961904?
1
What is the tens digit of 2205125304?
0
What is the thousands digit of 44549821?
9
What is the ten millions digit of 49793398?
4
What is the units digit of 51951068?
8
What is the ten thousands digit of 296042497?
4
What is the hundreds digit of 2101093173?
1
What is the hundred millions digit of 339821256?
3
What is the ten thousands digit of 354664532?
6
What is the millions digit of 1457518421?
7
What is the billions digit of 2161996120?
2
What is the hundred thousands digit of 9762058798?
0
What is the hundred millions digit of 166570705?
1
What is the units digit of 4323899252?
2
What is the units digit of 2345159943?
3
What is the hundred millions digit of 2179514309?
1
What is the ten thousands digit of 739789430?
8
What is the hundred millions digit of 104841896?
1
What is the thousands digit of 3204736268?
6
What is the units digit of 20801521?
1
What is the ten thousands digit of 1225016256?
1
What is the ten thousands digit of 240051370?
5
What is the ten thousands digit of 54203104?
0
What is the hundred thousands digit of 1774133223?
1
What is the ten thousands digit of 355673939?
7
What is the units digit of 475784146?
6
What is the hundred millions digit of 187548544?
1
What is the hundreds digit of 136801708?
7
What is the hundreds digit of 244585007?
0
What is the thousands digit of 239267080?
7
What is the hundreds digit of 378751307?
3
What is the hundred millions digit of 256559803?
2
What is the hundreds digit of 2024716540?
5
What is the hundreds digit of 811688482?
4
What is the hundreds digit of 145827502?
5
What is the units digit of 723058198?
8
What is the ten millions digit of 33623439?
3
What is the ten thousands digit of 190854504?
5
What is the ten thousands digit of 73150204?
5
What is the ten thousands digit of 21066180?
6
What is the hundreds digit of 93644594?
5
What is the tens digit of 24928333?
3
What is the hundred millions digit of 245374957?
2
What is the hundred thousands digit of 3348696567?
6
What is the tens digit of 2152964546?
4
What is the hundred thousands digit of 553281664?
2
What is the units digit of 174139862?
2
What is the ten millions digit of 1671058129?
7
What is the millions digit of 10467817?
0
What is the tens digit of 802396937?
3
What is the thousands digit of 38846976?
6
What is the ten thousands digit of 2706103681?
0
What is the thousands digit of 102080908?
0
What is the hundreds digit of 51956485?
4
What is the ten thousands digit of 3830756778?
5
What is the thousands digit of 2169568682?
8
What is the billions digit of 2258499434?
2
What is the tens digit of 283091561?
6
What is the ten millions digit of 296300973?
9
What is the hundred millions digit of 460517429?
4
What is the hundred thousands digit of 1654838305?
8
What is the hundred thousands digit of 70714511?
7
What is the ten millions digit of 139586229?
3
What is the ten millions digit of 81175071?
8
What is the units digit of 153410468?
8
What is the hundred millions digit of 3248495260?
2
What is the units digit of 1091900284?
4
What is the hundred thousands digit of 83792300?
7
What is the ten thousands digit of 135175260?
7
What is the thousands digit of 62071126?
1
What is the thousands digit of 336214256?
4
What is the units digit of 3224592550?
0
What is the ten thousands digit of 86565417?
6
What is the hundred thousands digit of 1968849372?
8
What is the units digit of 761431670?
0
What is the units digit of 318334640?
0
What is the units digit of 1615109609?
9
What is the ten millions digit of 92917199?
9
What is the hundred thousands digit of 35759660?
7
What is the hundreds digit of 118059521?
5
What is the hundred millions digit of 236671163?
2
What is the ten thousands digit of 3814465387?
6
What is the millions digit of 324031657?
4
What is the ten millions digit of 2028922644?
2
What is the millions digit of 582967517?
2
What is the ten thousands digit of 952778438?
7
What is the tens digit of 3451284?
8
What is the units digit of 13449241?
1
What is the hundred thousands digit of 297506831?
5
What is the units digit of 3768715138?
8
What is the ten thousands digit of 5241974651?
7
What is the ten thousands digit of 201180558?
8
What is the units digit of 61103915?
5
What is the ten millions digit of 3348283457?
4
What is the billions digit of 1033161894?
1
What is the thousands digit of 26561241?
1
What is the ten thousands digit of 1290139007?
3
What is the millions digit of 43369432?
3
What is the ten millions digit of 1474256374?
7
What is the units digit of 119502920?
0
What is the ten thousands digit of 11106292?
0
What is the ten thousands digit of 7349311?
4
What is the ten thousands digit of 43732565?
3
What is the millions digit of 17584596?
7
What is the thousands digit of 234710110?
0
What is the thousands digit of 10053839?
3
What is the billions digit of 1554374281?
1
What is the units digit of 150605397?
7
What is the hundred thousands digit of 604227429?
2
What is the hundred thousands digit of 152167697?
1
What is the millions digit of 1086903398?
6
What is the ten thousands digit of 50055753?
5
What is the tens digit of 4941163115?
1
What is the ten millions digit of 31654023?
3
What is the ten millions digit of 2321172099?
2
What is the millions digit of 344118